*p + 8 = x. What is a(h)?
-3
Suppose 6 + 12 = -3*b. Let q = -3 - -3. Let l(c) = -7 - 2*c + c + q. Give l(b).
-1
Let b(r) = 14*r**3 + r**2 - r - 18. Let a(q) = 5*q**3 - 6. Let c(v) = -11*a(v) + 4*b(v). What is c(-4)?
10
Let y be 265/106*4/(-2). Let s(f) = f**3 + 6*f**2 + 7*f - 2. Determine s(y).
-12
Let x = 21 - 11. Suppose x*k = 3*k - 42. Let q(b) be the third derivative of -b**5/60 - 7*b**4/24 + 2*b**3/3 - b**2. What is q(k)?
10
Let n(x) = 809 - 265 - 272 - 3*x - 264. Calculate n(-7).
29
Suppose -7*o + 33 = 54. Let l(i) = i**3 + i**2 - 3*i + 2. Let v be l(o). Let n(p) = -p - 12. What is n(v)?
-5
Let b(u) = u**2 - 2*u - 4. Suppose -2*h + 10 = -5*n - 16, -3*h + 17 = -2*n. Give b(h).
-1
Let g(k) be the second derivative of k**3/2 - 5*k**2/2 - k. Let j = -40 + 40. Suppose 20*u - 17*u - 18 = j. Give g(u).
13
Let t(m) = 10 + 13*m**2 + 15 - 5 - 2*m + m**3 - 13*m. Give t(-14).
34
Let k(q) = -q - 1. Suppose -2*d - 34 = -5*v, 5*v + 0*d = 4*d + 38. Give k(v).
-7
Let u(q) = -q**2 + 7*q - 3. Suppose -5 = 6*d - d. Let t be 3/1*(4/3 - d). Calculate u(t).
-3
Let h be (14/5)/((-9)/((-135)/(-6))). Let y(l) = -l**3 - 6*l**2 + 6*l + 5. Determine y(h).
12
Suppose -2*n = -9 + 1. Suppose i + n = h + 3, -3*h + 7 = -2*i. Let o(y) = -45 + 37 - h*y + 4*y. Determine o(-6).
-2
Let t(o) = -5*o + 4 - o**3 + 4*o**2 + o**2 + 1 - 4. Let g be t(3). Let y(k) = -3*k - 4. Determine y(g).
-16
Let s(j) = -8*j**3 + 18*j**3 + 1 - 2*j**3 - 7*j**3. Let w(q) = -4*q**3 + 5*q**2 + q - 4. Let f(z) = 5*s(z) + w(z). Determine f(-2).
11
Let q be ((-2)/(-40))/(-3*(-2)/5). Let h(p) be the third derivative of q*p**4 - 4*p**2 + 0 + 0*p + 1/6*p**3. What is h(1)?
2
Let x(u) = -2*u + 2. Let p(d) be the second derivative of d**5/20 - d**4/6 - 5*d**3/6 + 3*d**2 - 21*d. Let o be p(2). Give x(o).
10
Let b be 2*(-25)/10*3/(-15). Let c(p) = p**3 - 2*p. Let m(t) = 2*t**3 - 3*t. Let q(l) = 4*c(l) - 3*m(l). Give q(b).
-1
Suppose -5*h + 17 = p - 9, -3*h = 5*p - 42. Let x(a) be the third derivative of 0*a + 0 + a**3 + 52*a**2 + 7/60*a**5 - 1/120*a**6 - 3/8*a**4. What is x(p)?
-12
Let d(p) = -8*p - 4 + 49*p**2 - 95*p**2 + 45*p**2 - 1. What is d(-12)?
-53
Let w(g) = g**3 + 3*g**2 - 6*g - 5. Let m be w(-4). Let i(h) = -1 - 12 - 6*h + 4*h + m*h. Let d(c) = -c**3 + 3*c**2 + 2*c - 2. Let s be d(2). Give i(s).
-7
Let z be (3/(-9))/((-5)/3 - -2). Let h(i) = 2*i**2 + 1. Give h(z).
3
Let z(i) be the third derivative of i**6/40 + i**5/60 + i**4/12 + i**3/6 - 14*i**2 + 2*i. Let o(r) = r - 7. Let m be o(6). Give z(m).
-3
Let y = 210 - 200. Let s(m) = m**2 - 10*m - 9. Give s(y).
-9
Suppose 3*y = -3*y + 36. Suppose -u + 2*t + 177 = y*t, 0 = -2*u + 5*t + 406. Let f(s) = -192*s + u*s + 2 - 4. What is f(2)?
0
Let j(t) = t**3 - t**2 + 1. Let r(d) = 5*d**3 - 13*d**2 - 6*d + 12. Let x be (-576)/99 - 4/(-66)*-3. Let k(n) = x*j(n) + r(n). Give k(-5).
-14
Let g(z) be the second derivative of -1/3*z**3 + 0 + 1/2*z**2 - 9*z. Give g(-6).
13
Let l(x) be the third derivative of -x**6/120 - x**5/10 + 17*x**4/24 + 4*x**3/3 + 90*x**2 + 4. Calculate l(-8).
0
Let y = -22 - -16. Let t(j) = -j**3 - 8*j**2 + 8. Let g be t(-8). Let l(i) = -4*i + 1 + g*i - 3*i. Give l(y).
-5
Let a(r) = r - 1. Let m(s) be the third derivative of 3*s**4/8 - s**3/2 + 21*s**2. Let o(l) = -2*a(l) + m(l). What is o(-3)?
-22
Let w(s) be the first derivative of -s**3/3 + 9*s**2/2 - 2*s + 45. What is w(4)?
18
Let z(m) be the first derivative of 3*m**4/4 - 4*m**3/3 - m**2/2 - 177. Give z(2).
6
Suppose 0 = 4*p - 3*v - 3 + 6, 5*p = 2*v - 2. Suppose 2*j = 3*u - 6, -u - 3*j - 1 + 3 = p. Let s(r) = -8 - u*r + 12 - r. Calculate s(5).
-11
Let z(m) = -m**2 + 8*m + 2. Let g(x) = x**3 - 8*x**2 + 8*x - 14. Let k be g(7). Let a(v) = -v**2 - 8*v. Let t be a(k). Give z(t).
9
Let h = 788 + -794. Let i(c) = -3*c - 6. Calculate i(h).
12
Let v(w) be the first derivative of -w**2 + 14*w + 10. Let j be v(6). Let b(s) = 0*s**j - 1 - 2 + 2*s**2 - 3*s**2. Calculate b(-3).
-12
Let a(r) = r - 8. Let o(y) = 14*y**2 + 141*y. Let s be o(-10). Calculate a(s).
-18
Let q(a) be the third derivative of a**5/120 + a**4/24 + 9*a**3/2 - 16*a**2. Let m(u) be the first derivative of q(u). Determine m(0).
1
Let b(l) = 5*l**2 + 15*l - 6. Let t(r) = -4*r**2 - 8*r + 6. Let i(n) = 3*b(n) + 4*t(n). Calculate i(13).
6
Let j = 2 - 2. Let a(q) = -q**3 - q**2 + 3*q + 9. Let c be 8/12*(2 - -1). Let n(k) = 2*k**3 + 2*k**2 - 4*k - 9. Let b(g) = c*n(g) + 3*a(g). What is b(j)?
9
Let w = 598 - 607. Let f(h) = h**3 + 9*h**2 + 6. What is f(w)?
6
Let s(r) = r**2 + 6. Let y = 28 + -99. Let n = y + 71. Calculate s(n).
6
Suppose 0 = -4*l + 5*p + 208, 5*p = -5*l + 260 - 0. Suppose -10 = -5*w, -l = o + 3*o - 4*w. Let d(v) = v**3 + 12*v**2 + 10*v - 7. Determine d(o).
4
Let u(k) = -29*k**3 + 30*k**2 + 30*k + 44. Let v(b) = 13*b**3 - 15*b**2 - 15*b - 21. Let c(z) = 4*u(z) + 9*v(z). Calculate c(16).
3
Let l(t) = -7*t - 1. Let d be ((-1)/3)/(25/75) + -1. What is l(d)?
13
Let j(u) = -8*u**2 + 5*u + 10. Let s(l) be the second derivative of 7*l**4/12 - 2*l**3/3 - 9*l**2/2 - 6*l. Let n(o) = 5*j(o) + 6*s(o). Give n(-3).
11
Let j(b) = b - 15. Let u(s) = 2*s - 42. Let m(i) = -11*j(i) + 4*u(i). What is m(-8)?
21
Let h(q) = -10*q. Let o be ((-20)/3)/(-10) + 6/18. What is h(o)?
-10
Let m(o) = -8*o + 3. Let g(s) be the second derivative of -s**5/20 - s**4/4 + 7*s**3/6 + 7*s**2 + 9*s. Let c be g(-4). Calculate m(c).
-13
Let v(s) be the second derivative of s**3/6 + 7*s**2/2 - 6*s. Let z(j) = -7. Let y(d) = -2*v(d) - 3*z(d). Give y(6).
-5
Let q(i) be the second derivative of -1/6*i**3 + 11*i - 3*i**2 - 2. Calculate q(-7).
1
Let o = -357 - -360. Let z(y) be the third derivative of 1/60*y**5 - 1/6*y**o + 0*y**4 + 0*y - 3*y**2 + 0. Give z(-1).
0
Let c(w) = -23*w - 17. Let p(q) = -105*q - 68. Let u(m) = -9*c(m) + 2*p(m). Calculate u(6).
-1
Let m(g) = -5*g - 71. Let y be (-96)/36*126/24. What is m(y)?
-1
Let l = 707 + -713. Let a(x) be the first derivative of x**3/6 + x + 1. Let d(y) be the first derivative of a(y). Give d(l).
-6
Let w(i) be the third derivative of -i**6/120 + 2*i**5/15 - i**4/4 - i**3/6 - 2*i**2 + 4. Suppose 0 = 4*a - a + 3*b - 15, -a + 3*b = -13. Determine w(a).
6
Suppose -2*y = 2*y + 2*y. Suppose y + 64 = -8*v. Let q(g) = g + 2. Determine q(v).
-6
Let b(h) = h**2 - 3*h - 1. Suppose -x - 38 = x. Let i = 23 + x. Let r be i/12*(-3 + 12). What is b(r)?
-1
Let l(r) = 16*r**3 - r**2 + r + 1. Let n be 2/(-5) - (-3)/(-5). Let k = n - -7. Suppose -s + 5 = k. Determine l(s).
-17
Suppose 0 = 2*z + 4, 4*b + 2*z = 3*z + 14. Let j(x) = 1 - 2 - 6*x**2 - x + x**b + 1. Suppose -3*u = 8 - 26. Give j(u).
-6
Let v(u) = u**3 + 48*u**2 + 94*u + 93. Let y be v(-46). Let w(f) be the second derivative of f**3/2 + f. What is w(y)?
3
Let a(o) = o**2 - 6*o - 4. Let x(q) = 2*q**2 + q - 6. Let u be x(-5). Let t = u - 33. Calculate a(t).
-4
Let l(w) = 8 + 9*w - 1 + 11. Let o(r) = 6*r + 12. Let s(i) = -5*l(i) + 7*o(i). Give s(-6).
12
Let d be 15*((-6)/9)/2. Let c(k) = k**2 + k - 4. Let i(u) = u**2 - 5. Let f(j) = d*c(j) + 6*i(j). Give f(7).
4
Suppose -5 = 2*w - f - 11, -16 = -3*w - 2*f. Let b(t) be the third derivative of 0 - 1/4*t**w + 0*t**3 - 6*t**2 + 0*t. Give b(1).
-6
Let r = -400 + 400. Let n(z) = z. What is n(r)?
0
Let j be (0/(-3))/(2*(-1)/(-2)). Let d(a) = 147*a + 4 + a**2 - 146*a - 4. Give d(j).
0
Let k be (1 - 0) + (3 - 0). Suppose 28 - 6 = 11*f. Let a(w) = -4*w + 4*w - 17*w**2 + 18*w**f - 2 - 2*w. Calculate a(k).
6
Let c(x) be the third derivative of x**5/30 - x**4/8 - x**3/3 + 10*x**2. Let l(p) = p**2 - p - 2. Let z be l(-2). What is c(z)?
18
Let k = 8 + -6. Let p(s) = 13*s - 11*s - 1 - 2 + k. Calculate p(6).
11
Let w(g) = -g**3 - 4*g**2 + 8*g - 1. Suppose -9 + 3 = -2*y, 0 = 3*s + 2*y + 12. Calculate w(s).
23
Suppose 0 = 9*n - 10*n. Suppose n = -14*i + 19*i - 20. Let f(d) = 9 - d**3 - 2*d**2 - i + d**2. What is f(0)?
5
Let t(g) = g + 8. Let l be t(-8). Let n(w) be the third derivative of -w**6/120 - w**5/60 - w**4/24 + 7*w**3/6 - w**2. Give n(l).
7
Suppose 3*t + 29 = j, 18 = 3*j + 3. Let y(z) = z**2 + 5*z - 15. What is y(t)?
9
Let o(f) = -f**3 + 6*f**2 + 7*f - 2. Suppose -81*l + 86*l = 35. Give o(l).
-2
Let f(c) be the first derivative of -c**3/3 - 5*c**2/2 + 4*c + 37. Give f(-5).
4
Let g(r) be the second derivative of -r**5/20 + 5*r**4/12 + 4*r**3/3 -